 16.
-1f562
-2310200 (base 8) to base 11
-398a33
-23203230021 (base 4) to base 10
-3029769
Convert 28e251 (base 15) to base 3.
10201011102111
d14a4 (base 14) to base 3
221120002121
868d7 (base 14) to base 16
4f7ad
What is -3303333200 (base 4) in base 6?
-33230452
What is 245504 (base 8) in base 12?
410b0
-121487 (base 12) to base 11
-18aa11
What is -100111010100111111 (base 2) in base 11?
-100033
-3004452 (base 8) to base 7
-6463434
What is -3231232 (base 6) in base 13?
-5790b
42215453 (base 6) to base 2
100101100100100111001
Convert -6d234b (base 15) to base 11.
-2a472a6
-873611 (base 9) to base 10
-521002
Convert 51b984 (base 13) to base 12.
781972
107760 (base 8) to base 2
1000111111110000
Convert -304320 (base 9) to base 11.
-113531
What is -10110000100011101101 (base 2) in base 10?
-723181
What is 1ce6ca (base 15) in base 16?
1599f1
What is -10112320 (base 5) in base 10?
-82210
1ec638 (base 16) to base 10
2016824
What is -c2b (base 15) in base 8?
-5265
-2efe53 (base 16) to base 6
-150002055
What is 1a160 (base 11) in base 15?
850d
-440640 (base 7) to base 5
-4432104
2840 (base 11) to base 4
321122
Convert -113017 (base 14) to base 11.
-36a158
3186537 (base 10) to base 3
12222220002220
Convert -128698 (base 10) to base 15.
-281ed
What is 2012102100 (base 3) in base 6?
532313
Convert -1687352 (base 9) to base 5.
-220143431
Convert -31301411 (base 6) to base 8.
-3361517
What is a5849 (base 11) in base 9?
254326
610e23 (base 15) to base 14
88009c
Convert -1168284 (base 11) to base 9.
-3735545
What is -12101033101 (base 4) in base 9?
-3074371
Convert -120101310 (base 4) to base 15.
-1e6e9
Convert 64506556 (base 7) to base 14.
a31a2d
Convert 111413223 (base 5) to base 12.
2001aa
What is 1515a (base 12) in base 8?
71626
What is -131101312 (base 4) in base 14?
-319c2
-181867a (base 11) to base 12
-1049b07
What is -d5d3 (base 16) in base 13?
-1bbb9
3660615 (base 7) to base 15
93c36
287799 (base 10) to base 8
1062067
What is -10001010010100100010 (base 2) in base 8?
-2122442
-28625a (base 16) to base 5
-1134142433
What is -2737312 (base 8) in base 14?
-160734
What is 631da (base 16) in base 9?
677806
7a086a (base 11) to base 5
311243221
What is -5035351 (base 7) in base 10?
-597346
2120754 (base 8) to base 3
1001202001100
-1110010101111011000 (base 2) to base 15
-943bb
Convert 111001101110101000000 (base 2) to base 7.
22036003
Convert -10220121000122 (base 3) to base 8.
-7733274
Convert 21000220122 (base 3) to base 8.
416316
12120002221 (base 3) to base 16
1ab75
Convert -233bb (base 13) to base 7.
-355452
Convert 31051211 (base 6) to base 10.
893239
Convert -304243141 (base 5) to base 8.
-4574632
2312021131 (base 4) to base 16
b625d
What is 1010000011110000 (base 2) in base 5?
2304300
Convert -2031333130 (base 4) to base 3.
-1002112210121
Convert -1b0c (base 16) to base 5.
-210144
What is 9a8368 (base 12) in base 13?
68232b
Convert 1100110100111000 (base 2) to base 3.
2200001210
17742c (base 14) to base 10
826768
What is 69a81 (base 13) in base 14?
50450
17601 (base 13) to base 15
d4c0
Convert 726c (base 16) to base 8.
71154
What is -96960 (base 11) in base 9?
-234256
Convert -5298ca (base 13) to base 12.
-79387a
75287 (base 9) to base 11
34475
What is -994386 (base 11) in base 10?
-1587009
-401742 (base 9) to base 5
-30100110
What is -10010100011111111101 (base 2) in base 10?
-608253
315874 (base 13) to base 9
2150161
What is -45521355 (base 8) in base 3?
-200120112222200
What is 220362 (base 9) in base 6?
2452515
-26d52 (base 14) to base 3
-11212120110
Convert -1200022022 (base 3) to base 16.
-8105
-502152 (base 8) to base 11
-102a43
72037 (base 9) to base 14
133d1
Convert 12012002120011 (base 3) to base 5.
1201214422
What is -12004552 (base 7) in base 13?
-2b1917
What is 2a01aa (base 11) in base 6?
14014053
2952d (base 14) to base 5
11240144
What is 1103330030 (base 4) in base 14?
8d428
Convert -100000010111110000000 (base 2) to base 11.
-664a46
Convert 54441006 (base 7) to base 12.
168bb30
What is -1031306 (base 11) in base 13?
-4b8175
Convert 220331021 (base 4) to base 16.
28f49
Convert -445621 (base 7) to base 11.
-54278
Convert 312321321 (base 4) to base 5.
24144024
What is -66366243 (base 7) in base 12?
-1ab6986
Convert 1212210323 (base 4) to base 2.
1100110100100111011
Convert -12004311110 (base 5) to base 6.
-1210332030
What is -ace78 (base 15) in base 5?
-120100023
6923 (base 14) to base 3
221001021
-1167461 (base 8) to base 3
-121102120221
Convert 103895d (base 16) to base 14.
238a87b
What is 1020445122 (base 6) in base 5?
10213044421
Convert 1111120033 (base 4) to base 10.
349711
Convert 431002 (base 6) to base 2.
1000100110001010
-a6a6b (base 13) to base 15
-5e0d1
Convert -3342736 (base 8) to base 5.
-212340442
2659b (base 12) to base 4
30313013
-16dca44 (base 15) to base 3
-1011022210111201
Convert -12251404 (base 6) to base 12.
-170b64
Convert -2d752 (base 14) to base 16.
-1bd1c
218325 (base 9) to base 6
2445205
What is 142522 (base 11) in base 12?
a8bb6
-a59ab (base 12) to base 14
-59347
Convert -11202222102 (base 3) to base 7.
-541061
3224301 (base 5) to base 2
1101011010100111
-211111120020 (base 3) to base 7
-3523203
-2111102210 (base 3) to base 2
-1100000000001001
What is 7493 (base 15) in base 8?
60127
10222131 (base 4) to base 5
1102401
4001344 (base 5) to base 6
1202220
Convert -a330 (base 16) to base 12.
-20214
20212022011202 (base 3) to base 14
6ad2a7
Convert -34438 (base 9) to base 11.
-16281
What is 30200212110 (base 4) in base 15?
44b96c
Convert 7031657 (base 11) to base 13.
276a592
Convert -100100001100100101 (base 2) to base 13.
-52639
Convert 22121212111 (base 3) to base 5.
20413022
Convert -152319 (base 13) to base 6.
-15042513
199783 (base 10) to base 14
52b43
-4172241 (base 8) to base 15
-16e3a1
What is 20130114 (base 7) in base 2?
110010111111111110100
Convert 232411146 (base 7) to base 13.
2c6b557
-75803 (base 11) to base 13
-3b173
Convert 6114131 (base 10) to base 2.
10111010100101101010011
Convert -eb83 (base 15) to base 12.
-24a20
What is 1011101111001110 (base 2) in base 5?
3014303
What is 66400 (base 14) in base 16?
3c7c0
What is 5a1c7 (base 13) in base 11?
103058
Convert 131113223 (base 4) to base 13.
429aa
-11211200201022 (base 3) to base 7
-30602543
-242 (base 9) to base 12
-148
What is -4453620 (base 9) in base 6?
-123215200
Convert 4562e (base 15) to base 10.
220769
-74824 (base 10) to base 11
-51242
-80ac93 (base 13) to base 5
-1231310322
Convert 17646507 (base 8) to base 5.
2030223201
-3031302331 (base 4) to base 8
-3156275
Convert 1023322042 (base 5) to base 2.
1000010001000101101011
-6670237 (base 8) to base 16
-1b709f
What is -11212010101 (base 3) in base 2?
-10111010101100110
What is 23322264 (base 8) in base 15?
6a7a41
Convert -4034014 (base 5) to base 13.
-236c1
Convert -1591e (base 15) to base 12.
-34302
-10222022201010 (base 3) to base 10
-2112429
What is 225514520 (base 7) in base 9?
28053662
102202332 (base 5) to base 14
b220b
-b1a97a (base 15) to base 10
-8439640
Convert 5765660 (base 8) to base 4.
11332232300
Convert -155420 (base 12) to base 13.
-c8871
Convert -1221212000 (base 3) to base 4.
-21122001
Convert -60124226 (base 7) to base 11.
-2890882
What is 1183715 (base 10) in base 12?
49102b
220122010 (base 3) to base 6
215050
What is 25035332 (base 8) in base 3?
101101110010210
What is 167910 (base 11) in base 10?
259314
What is -499b09 (base 12) in base 10?
-1199097
Convert 2221002111 (base 3) to base 6.
1122534
What is 1644c (base 15) in base 5?
4244342
Convert -21101021100 (base 3) to base 13.
-51177
What is -12310012230 (base 4) in base 2?
-110110100000110101100
257807 (base 9) to base 10
156661
3384969 (base 10) to base 2
1100111010011010001001
1221122011 (base 3) to base 6
453351
100012012120 (base 3) to base 12
88866
What is -480626 (base 13) in base 4?
-12202220102
Convert -267 (base 16) to base 4.
-21213
What is -280931 (base 15) in base 14?
-381b89
Convert -16045323 (base 10) to base 6.
-1331523523
What is -4319cc (base 16) in base 14?
-826844
2325539 (base 12) to base 16
674abd
What is -4235336 (base 9) in base 16?
-22994a
Convert -36621053 (base 7) to base 15.
-44c918
Convert -283978 (base 13) to base 3.
-1211202022211
Convert -1211210010 (base 3) to base 2.
-100011011